-13)/(-39) - 5/(-3). Calculate the highest common divisor of q and 4.
2
Let k(u) = u**3 + 3*u**2 - 6*u - 2. Let o be k(-4). What is the highest common factor of o and 3?
3
Suppose -3*s + 4*u + 90 = 0, -s + u + 30 = -0*s. Let q be -1 + 2 - (-38 + -6). What is the highest common factor of s and q?
15
Suppose -3*w + 15 = 4*k - 14, 33 = 3*w + 3*k. Let c be (0 - -2)/(12/450). Calculate the greatest common factor of w and c.
15
Let g be (-1 + 4)*21/(-9). Let p = -6 - g. Let l(u) = -u**2 + 4*u + 1. Let i be l(4). Calculate the highest common factor of i and p.
1
Let p = 35 + -9. Calculate the greatest common divisor of p and 39.
13
Suppose 523 = 4*q - 1. Let z = q - 76. Calculate the greatest common divisor of z and 22.
11
Let v be -2 + (-3)/(-1) - (-154)/22. Calculate the highest common factor of 104 and v.
8
Let l = -4 - -6. Suppose -l*y = 4*w - 2, w - 2*w = y + 2. Suppose w*g = 5*f - 4, -4*f - g - 6 = -16. Calculate the greatest common divisor of 22 and f.
2
Suppose 2*r + 3 = m, -4*r = 4*m - 9*m + 27. What is the highest common divisor of 28 and m?
7
Let f be 4/(-18) - (-988)/234. What is the highest common factor of f and 28?
4
Let t = 257 - -53. Let b be (-624)/(-20) + (-4)/(-5) + -1. Calculate the greatest common factor of t and b.
31
Suppose -3*x - 48 = -168. Suppose z = -z + x. Let c = -24 - -34. Calculate the highest common divisor of c and z.
10
Suppose -16*w = -11*w - 990. What is the highest common divisor of 18 and w?
18
Let v be 1 - (-1 + 0) - 3. Let n = v - -3. Suppose -n*q + 0*q + 44 = 0. What is the highest common divisor of 55 and q?
11
Let h be (2/(0 + 4))/(6/48). What is the highest common factor of h and 12?
4
Let a = 59 + -16. Calculate the greatest common divisor of 301 and a.
43
Let q(t) = -7*t + 1. Let y be q(-1). What is the highest common factor of y and 16?
8
Let j = 10 - 5. Let w(p) = -p**2 + 8*p + 8. Let o be w(7). Let a = j + o. What is the highest common factor of 20 and a?
20
Let k(a) = -a + 10. Let f be k(7). Suppose 4*s + x = -3*x + 24, 4*s - 5*x = -f. Let p be (-1)/(s/(-405)*1). Calculate the greatest common divisor of p and 15.
15
Suppose x - 14 = -5*j, 0*j + x = -4*j + 12. Suppose 0 = -7*n + j*n + 30. Let i be 10/3*(-18)/(-15). What is the highest common divisor of i and n?
2
Let x(m) = -2*m - 1. Let q be x(-1). Calculate the highest common divisor of q and 7.
1
Let i = 30 + -26. Suppose 0 = 4*k - 16, 2*q - 11 = k + 73. What is the greatest common factor of q and i?
4
Let j be (-48)/5 - (-2)/(-5). Let b be -132*(j/4 + 2). Suppose -3*k + 18 = -0*k. What is the greatest common factor of b and k?
6
Suppose -27*b - 784 = -31*b. What is the highest common factor of 28 and b?
28
Let h(d) = 4*d - 4. Let a be h(5). Let r(b) = b**3 + 3*b**2 - b + 9. Let s be r(-4). Let q be s + -1 + -6 + 74. Calculate the highest common divisor of q and a.
16
Let q be (6/4)/((-4)/(-16)). Suppose 0 = -4*a - 6*b + b - 6, -5*b = 3*a + 2. Let t be 18/a*(-12 + 0). What is the highest common divisor of q and t?
6
Let w(f) = -92*f - 2. Let d be w(-3). Suppose 3*k - d = k. Suppose -5*h + 243 = -k. What is the greatest common factor of 19 and h?
19
Suppose -2*y + 1 = -3, -4*m = 3*y - 46. Let t(o) = o**3 + 4*o**2 + 3*o + 3. Let v be t(-3). Let u be 11*m - 0/v. What is the greatest common factor of u and 10?
10
Suppose -15 = -6*k + k. Calculate the greatest common factor of k and 33.
3
Let v = 9 - 24. Let o(t) = -28*t**3 + t + 1. Let r be o(-1). Let i = r + v. Calculate the greatest common divisor of 130 and i.
13
Let c(l) = -3*l**2 - 6*l**2 + 2*l - 9 + l**3 - 4. Let q be c(9). Suppose -3*s + 10 = p - 7, 20 = -q*p. What is the highest common divisor of 77 and s?
7
Let d = 46 + -31. Suppose 3*p = d, -3*p + 105 = 2*m + 2*p. Let n = m - 29. Calculate the highest common factor of n and 77.
11
Suppose 4*b - 5*b + 2*i - 1 = 0, 4*i + 16 = 0. Let x = b + 64. Calculate the greatest common divisor of 5 and x.
5
Let r = -19 + 27. What is the greatest common divisor of r and 4?
4
Let b = -11 - -20. Calculate the highest common factor of 81 and b.
9
Suppose 0 = 3*r + 60 - 357. Let o = -2 - -4. Suppose k = o*k - 11. What is the greatest common divisor of r and k?
11
Suppose -2*c = 3*a - 31, 0*c + 60 = 4*c + 4*a. Let m(r) = r - 3. Let h = 6 - 1. Let g be m(h). Calculate the greatest common factor of g and c.
2
Let a = -147 + 282. Calculate the greatest common factor of a and 15.
15
Suppose 0 = -10*c + 5*c + 35. Calculate the greatest common factor of c and 49.
7
Let w = 1 - -4. Suppose w*g = 2*g + 378. What is the highest common divisor of 14 and g?
14
Suppose -3*o + 18 = 5*u - 8, 0 = -3*u + 5*o + 2. Let d be (-9)/6 - (-118)/4. Calculate the greatest common divisor of u and d.
4
Let y be 33/2*(-200)/(-12). Suppose 5*t - y = -0*t. Calculate the highest common divisor of 5 and t.
5
Let w be 4 + 118 + (-6 - -3). What is the greatest common factor of 17 and w?
17
Let g be 32/8*4*2. Let s = -26 + 34. Calculate the greatest common divisor of g and s.
8
Let g be (12/(-10))/((-3)/10). Suppose 0 = -2*v - 2*o, g + 5 = -3*o. Suppose -3*l + 36 = l. What is the highest common divisor of v and l?
3
Let x be (14/10 - -1)*3250/195. Calculate the highest common divisor of x and 60.
20
Let n be (11 + -13)/(-1 - 0)*2. What is the greatest common factor of 4 and n?
4
Suppose s - 117 = -4*s - u, -2*s + 45 = u. Suppose -2*r + s = r. What is the highest common factor of r and 40?
8
Suppose -t + 29 = -37. Suppose -4*q - 2 = -t. Suppose -m + s = -0*m, 4*m + 4*s - q = 0. What is the highest common factor of m and 2?
2
Let j = 72 - 46. Calculate the greatest common divisor of 39 and j.
13
Let b(n) = -3*n - 7. Let o be b(-6). Suppose -o = -g - 5*q, 4*q = 2*g - 0*g - 36. What is the highest common factor of 2 and g?
2
Let w = 142 - 61. Calculate the greatest common factor of 9 and w.
9
Suppose 30 = -11*w + 12*w. What is the highest common factor of 15 and w?
15
Let h be (3/(-6))/(4/(-224)). Suppose 5*l - 1798 = -538. What is the greatest common divisor of h and l?
28
Let y be 2*37 + 9 + -11. What is the greatest common factor of 48 and y?
24
Let t be (-2 + (-32)/(-12))*6*3. What is the greatest common divisor of t and 18?
6
Suppose -3*q = -5*h + 9, 15 = -h - 4*h. Let f = q + 9. Calculate the greatest common divisor of f and 3.
1
Suppose -15*r = 84 - 609. Calculate the highest common divisor of r and 35.
35
Suppose 5*r + 4*h - 66 = -0, 0 = 5*r + h - 54. What is the greatest common factor of 10 and r?
10
Suppose 25 = -5*y, 4*c - 4*y + y = 47. Suppose -6*d + 8 = -4*d. Calculate the highest common divisor of d and c.
4
Let y(g) = g**2 + g + 10. Let w be y(0). Let s = w - -3. Calculate the greatest common factor of s and 91.
13
Let o = -73 - -105. Calculate the highest common factor of o and 48.
16
Suppose -3*x = -0*x - 30. Suppose -b + 3*b - x = 0. Let t = 66 + -31. Calculate the greatest common factor of t and b.
5
Let h(b) = 7*b + 3. Let z(t) = t - 1. Let g(n) = h(n) - 6*z(n). Let v be g(0). Calculate the highest common factor of v and 36.
9
Let g = -2 + 4. Suppose g*b = -34 + 114. Suppose -m - 8 = -b. Calculate the greatest common divisor of 8 and m.
8
Let x(k) = -k**3 + 10*k**2 + 12*k + 2. Let m be x(11). Suppose 3*f - 17 = m. What is the greatest common factor of f and 15?
5
Suppose 2*i - 18 = 3*c, -7 + 3 = c. Suppose -i*a - 2*x + 72 = 2*x, 5*a - 120 = 5*x. Calculate the highest common divisor of 264 and a.
24
Let w = 7 - 12. Let p = -5 - w. Suppose 2*s - 8 = -p. What is the greatest common factor of 36 and s?
4
Let t = 3 + 4. Let y be (-110)/(-2) - (1 + 0). Let o = y + -5. Calculate the highest common factor of t and o.
7
Suppose -5*y - 5*h + 42 = -23, 0 = -5*h - 5. Calculate the greatest common divisor of y and 2.
2
Let q(l) = 2*l + 40*l**2 + 118*l**2 - 1 - 5*l**2. Let t be q(1). Suppose g - k - 9 = 0, -2*k - 60 = -g - 4*g. Calculate the greatest common divisor of t and g.
14
Suppose 0 = -2*v - 3*i + 21 - 5, -5*i - 10 = 0. Calculate the greatest common divisor of v and 11.
11
Let m(s) = -s**3 + 4*s**2 + s + 1. Let b be m(2). What is the greatest common divisor of 44 and b?
11
Suppose -7*w - 2*w + 405 = 0. Calculate the highest common divisor of w and 18.
9
Suppose 2*v - 33 = 9. What is the greatest common divisor of 7 and v?
7
Let l be ((112/(-70))/((-1)/5))/2. What is the highest com